ulate the greatest common divisor of 21 and r.
21
Suppose 4 + 16 = 5*j. Calculate the greatest common divisor of 8 and j.
4
Suppose j = -2*x + 27, -2*j + 4*j = 4*x - 42. Calculate the highest common divisor of 8 and x.
4
Suppose 1143 = 3*o - 288. Suppose -5*q = g - o, -3*q + 2*g - 7*g + 273 = 0. What is the highest common divisor of 24 and q?
24
Let a = -26 + -15. Let g = a - -61. Calculate the highest common divisor of 5 and g.
5
Let l(b) = b**2 - 4*b - 59. Let t be l(10). Calculate the greatest common factor of 41 and t.
1
Let n(g) = 2*g**2 - g + 54. Let p be n(0). Suppose 58 = j + 22. What is the highest common factor of p and j?
18
Suppose 0 = -z - 2*n + n + 1, 0 = -4*z + n - 16. Let u = z - -4. Let h be (-15)/9*(-18)/15. Calculate the highest common factor of h and u.
1
Suppose 4*b = 3*b + 2. Suppose -b*k + 5 = 3. Suppose -t + 0 = -8. Calculate the highest common divisor of k and t.
1
Let j(w) be the first derivative of w**4/4 - 2*w**3 + 4*w**2 - 6*w - 5. Let g be j(6). Calculate the greatest common factor of 28 and g.
14
Let v = -13 - -18. Suppose -5*q = 4*x - 61, 5*x - v*q - 30 = -2*q. Let k = 61 - 16. What is the highest common factor of k and x?
9
Let a be (81/12 - -1)*-4. Let t = a + 52. What is the highest common divisor of t and 105?
21
Let i(k) = -k**3 + 11*k**2 - 10*k + 12. Let m be i(10). Calculate the greatest common factor of m and 96.
12
Suppose 0 = -6*o + 3*o + 21. Let h be 0 - 7/(o/(-6)). Let m be (4 - 2/1) + h. Calculate the highest common factor of m and 16.
8
Let o(x) = -x - 2. Let r be o(0). Let d be (r - (-66)/9)*3. What is the highest common factor of d and 24?
8
Let g(l) = l**3 - 17*l**2 + 6*l + 10. Let o be g(17). Suppose -f - 2*h = -16, -4*h = -3*f + 39 + 9. Calculate the greatest common factor of o and f.
16
Suppose -4*z + 0 = -4. Suppose z + 11 = 3*w. What is the greatest common factor of 12 and w?
4
Let o be 1/(-4) - (-84)/16. Suppose 5*f + 10 - 78 = 3*h, 5*f - 2*h = 67. Suppose o*y + f = 58. Calculate the highest common divisor of y and 6.
3
Let h = -23 + 40. Let w(z) = 8*z**3 + 3*z**2 + 2*z + 3. Let i be w(3). Suppose 5*f - 3 - i = 0. Calculate the greatest common divisor of h and f.
17
Let q = 97 + -65. Calculate the highest common factor of q and 16.
16
Let s = 25 + -21. What is the highest common factor of s and 20?
4
Suppose 132 = 2*y - 5*i, -3*y - 5*i + 223 = -0*i. Let m = 39 + y. Calculate the highest common factor of m and 10.
10
Let m(l) = 0*l**3 + 16 + 0 - l**3 - 11*l**2 + 9*l - 8. Let a be m(-12). Calculate the greatest common divisor of a and 11.
11
Let w = 68 + -58. Let p be ((-2)/(-4))/((-1)/(-10)). Calculate the greatest common divisor of p and w.
5
Let g(r) = r**3 + 7*r**2 - 3*r + 4. Let x be g(-7). Calculate the greatest common factor of 200 and x.
25
Suppose -3*q + 32 = q. Let w be ((-48)/(-9))/((16/(-132))/(-2)). Calculate the greatest common factor of w and q.
8
Suppose 10 = -4*z - 3*h + 31, -2*z = -h - 3. Let t = z - 7. Let a be 5/(-20) + (-45)/t. What is the greatest common divisor of 11 and a?
11
Suppose -f - 3*x = -0*f - 169, f + 4*x - 168 = 0. Let l = f + -92. What is the greatest common divisor of 20 and l?
20
Suppose -2*d = 4*s - 4*d - 1276, -5*s = d - 1588. What is the highest common divisor of s and 53?
53
Let v be ((-2)/2)/((-4)/12). Let t = v - -5. What is the greatest common factor of 12 and t?
4
Let x be 12/(2/(-4) + 2). Suppose 0 = 4*v - m - 4*m - 85, 4*v - 82 = 2*m. What is the highest common factor of v and x?
4
Suppose 0 = -0*m - 5*m + 45. Let z(k) = -3*k. Suppose 0 = -4*t - 2*y - 14, 4*t - 2*y - 9 = 3*t. Let l be z(t). Calculate the highest common factor of m and l.
3
Let r be -9*(3 + 4*-1). Calculate the greatest common divisor of 81 and r.
9
Let c(u) = 6*u - 12. Let g be c(6). Suppose -4*b + z + z + 772 = 0, -4*b + 774 = -3*z. Calculate the highest common divisor of g and b.
24
Suppose 7*t = 2*t + 2*f + 568, 0 = 5*t + 2*f - 552. Suppose -11 = -d + 5. Calculate the highest common factor of d and t.
16
Suppose 0 = -4*g - 2*t + 40, 3*g - 56 = 2*t + 3*t. Calculate the greatest common divisor of 132 and g.
12
Suppose 4*p + 3*w - 7*w - 24 = 0, 2*p - 5*w = 12. Suppose -3*b + p*b - 68 = o, 0 = -4*b + 2*o + 94. Calculate the highest common factor of b and 3.
3
Let r be 4 + 6 + 2 - 4. Suppose r = 6*o - 5*o. Calculate the greatest common factor of 12 and o.
4
Let g be 29 - (6 + -2)/(-1). Let a = 95 + -62. What is the highest common factor of g and a?
33
Let z(d) = -5*d + 1. Let q be z(-1). Let h = 12 - 8. Suppose 2*n - 8 = -2*m, -4*m + 0*m + h = 2*n. Calculate the greatest common divisor of q and n.
6
Let n = 57 - 55. Calculate the greatest common divisor of n and 14.
2
Suppose 0 = a - 0*a - 90. Let y = 6 + 9. Suppose 0 = 2*w - 5 - y. Calculate the highest common divisor of a and w.
10
Let d be ((-52)/(-3))/((-28)/(-210)). What is the highest common divisor of 26 and d?
26
Suppose -l = f - 6, 3*f + 0*l = 5*l + 10. Calculate the highest common divisor of f and 55.
5
Let k be ((-62)/((-2)/1))/(-1). Let l = 51 + k. What is the greatest common divisor of l and 50?
10
Let p(s) = s**2 - 6*s - 3. Let l be p(6). Let f be 8 + (l/3 - -4). Let t be (-1 - -2) + (-108)/(-2). What is the highest common factor of f and t?
11
Suppose 0 = 4*g - 6 - 58. Calculate the greatest common divisor of g and 40.
8
Let b(q) = 3*q**3 + 2*q**2 + 3*q. Let d be b(3). Let o = 37 - 25. What is the highest common divisor of o and d?
12
Let g = -46 - -85. What is the greatest common divisor of 1 and g?
1
Let u = -15 - -18. Calculate the highest common factor of 21 and u.
3
Let k be ((-20)/(-8))/(-5)*92/(-2). Calculate the greatest common factor of k and 69.
23
Let q(i) = -2*i**2 - 4*i + 2. Let u(f) = -5*f**2 - 11*f + 5. Let m(r) = -8*q(r) + 3*u(r). Let j be m(4). Calculate the highest common divisor of 22 and j.
11
Let w = 0 + 3. Let n be (-3)/3 + (w - -23). Calculate the highest common factor of n and 10.
5
Let g = 5 - -4. Calculate the greatest common divisor of g and 6.
3
Let d(u) = -7*u - 18. Let x be d(-4). Let s = 78 - -2. Calculate the highest common divisor of x and s.
10
Let f be 10/(3/36*2). Suppose 4*k = -0*k + f. What is the greatest common divisor of 15 and k?
15
Let d = 13 + -10. What is the greatest common divisor of 3 and d?
3
Let x(d) = -d**3 - 6*d**2 - 5*d + 2. Let f be x(-5). Let v(w) = 5*w + 2. Let k be v(f). Calculate the greatest common divisor of k and 60.
12
Let i(v) = -v**2 + v + 5. Let d be i(0). Suppose -m + 6 = m, -d*m + 36 = 3*o. What is the greatest common divisor of o and 63?
7
Suppose 12 = 5*u - 3*u. Let n(f) = f**3 + 4*f**2 - 4*f + 2. Let r be n(-4). Suppose 0 = -d + r + 36. What is the highest common divisor of u and d?
6
Let r = 11 - 3. Calculate the highest common divisor of 4 and r.
4
Let g = 4 - -3. Let i(z) = z**2 - 4*z - 6. Let a be i(g). Calculate the greatest common divisor of a and 60.
15
Let c be (20/2)/2 + 0. Let t(m) = -m + 11. Let o be t(c). Let w(p) = 3*p - 4. Let i be w(o). What is the highest common divisor of 56 and i?
14
Let m = 55 + -45. What is the highest common divisor of 70 and m?
10
Let d = 192 + -188. Let k(q) = q**3 - 4*q**2 + 3*q - 4. Let l be k(4). What is the greatest common divisor of d and l?
4
Let f(s) = s**2 + 9*s + 13. Let j be f(-11). What is the highest common divisor of 385 and j?
35
Let k be (-2 - (2 + -2))*-1. Suppose 0 = 2*h + k*h - 108. Calculate the highest common divisor of h and 81.
27
Let q(f) = 3*f**3 - 3*f**2 - 3*f + 3. Let c be q(3). Let s(j) = -10*j + 2. Let o be s(-1). Calculate the highest common factor of o and c.
12
Suppose 6*z - 33 = 3*z. Let n = -3 + z. Suppose -3*t + 3 = -2*t + 2*f, 2*t + 2*f - n = 0. What is the highest common factor of t and 15?
5
Suppose -3 - 22 = -5*l. Suppose 5*b - 105 = -0*b - l*w, -b + w + 27 = 0. What is the highest common factor of 3 and b?
3
Let j = 4 + 2. Let n = -22 - -49. Suppose 2*i = -3 + n. Calculate the greatest common factor of i and j.
6
Let s be ((-4)/(-10))/((-4)/(-300)*3). Calculate the highest common factor of s and 5.
5
Let h = -5 + 15. Let d = -6 + h. Suppose -4*c = -d*m + 44, 0 = 3*m - 2*c + 3*c - 45. Calculate the highest common factor of 7 and m.
7
Suppose 4*i - 561 = i. Calculate the greatest common divisor of 17 and i.
17
Suppose 5*r + 4*y = -23, 0 = 3*r - r - 5*y + 29. Let t = 